tors of 28204.
2, 11, 641
List the prime factors of 9946.
2, 4973
List the prime factors of 15741.
3, 11, 53
What are the prime factors of 86659?
19, 4561
What are the prime factors of 41403?
3, 37, 373
What are the prime factors of 1490?
2, 5, 149
What are the prime factors of 4068?
2, 3, 113
List the prime factors of 46569.
3, 19, 43
List the prime factors of 13143.
3, 13, 337
List the prime factors of 272.
2, 17
List the prime factors of 39645.
3, 5, 881
What are the prime factors of 13625?
5, 109
What are the prime factors of 10519?
67, 157
What are the prime factors of 565?
5, 113
List the prime factors of 9111.
3, 3037
List the prime factors of 1933.
1933
List the prime factors of 16129.
127
What are the prime factors of 5162?
2, 29, 89
What are the prime factors of 15908?
2, 41, 97
What are the prime factors of 7317?
3, 271
What are the prime factors of 33986?
2, 16993
What are the prime factors of 332?
2, 83
List the prime factors of 1302.
2, 3, 7, 31
What are the prime factors of 23705?
5, 11, 431
What are the prime factors of 8669?
8669
List the prime factors of 13938.
2, 3, 23, 101
What are the prime factors of 158?
2, 79
What are the prime factors of 1751?
17, 103
List the prime factors of 35220.
2, 3, 5, 587
List the prime factors of 9504.
2, 3, 11
List the prime factors of 549.
3, 61
What are the prime factors of 2202?
2, 3, 367
What are the prime factors of 1144?
2, 11, 13
What are the prime factors of 11029?
41, 269
What are the prime factors of 8227?
19, 433
What are the prime factors of 407?
11, 37
List the prime factors of 1043.
7, 149
What are the prime factors of 1071?
3, 7, 17
List the prime factors of 747.
3, 83
What are the prime factors of 7162?
2, 3581
What are the prime factors of 98470?
2, 5, 43, 229
What are the prime factors of 13784?
2, 1723
What are the prime factors of 7181?
43, 167
What are the prime factors of 1639?
11, 149
What are the prime factors of 1727?
11, 157
List the prime factors of 811.
811
List the prime factors of 2889.
3, 107
What are the prime factors of 1795?
5, 359
What are the prime factors of 442?
2, 13, 17
List the prime factors of 1595.
5, 11, 29
List the prime factors of 17624.
2, 2203
What are the prime factors of 1681?
41
List the prime factors of 97064.
2, 11, 1103
What are the prime factors of 157806?
2, 3, 11, 797
List the prime factors of 370.
2, 5, 37
List the prime factors of 4052.
2, 1013
List the prime factors of 105.
3, 5, 7
List the prime factors of 111384.
2, 3, 7, 13, 17
List the prime factors of 1489.
1489
List the prime factors of 965.
5, 193
List the prime factors of 13397.
13397
What are the prime factors of 15241?
15241
What are the prime factors of 1250?
2, 5
List the prime factors of 2869.
19, 151
List the prime factors of 5450.
2, 5, 109
List the prime factors of 177.
3, 59
List the prime factors of 1902.
2, 3, 317
List the prime factors of 104442.
2, 3, 13, 103
What are the prime factors of 4366?
2, 37, 59
List the prime factors of 28837.
28837
List the prime factors of 62680.
2, 5, 1567
List the prime factors of 80238.
2, 3, 43, 311
List the prime factors of 15433.
11, 23, 61
What are the prime factors of 2513?
7, 359
What are the prime factors of 769?
769
What are the prime factors of 37296?
2, 3, 7, 37
List the prime factors of 177256.
2, 22157
What are the prime factors of 2044?
2, 7, 73
List the prime factors of 11581.
37, 313
What are the prime factors of 1511?
1511
List the prime factors of 12614.
2, 7, 17, 53
List the prime factors of 3694.
2, 1847
List the prime factors of 1060.
2, 5, 53
What are the prime factors of 15740?
2, 5, 787
What are the prime factors of 393?
3, 131
What are the prime factors of 8883?
3, 7, 47
What are the prime factors of 10727?
17, 631
What are the prime factors of 1095?
3, 5, 73
List the prime factors of 3961.
17, 233
List the prime factors of 9683.
23, 421
List the prime factors of 13516.
2, 31, 109
List the prime factors of 2875.
5, 23
What are the prime factors of 1971?
3, 73
List the prime factors of 1033.
1033
List the prime factors of 10265.
5, 2053
What are the prime factors of 32002?
2, 16001
List the prime factors of 12794.
2, 6397
List the prime factors of 13609.
31, 439
What are the prime factors of 8575?
5, 7
What are the prime factors of 3917?
3917
List the prime factors of 23344.
2, 1459
What are the prime factors of 3251?
3251
List the prime factors of 66.
2, 3, 11
What are the prime factors of 3434?
2, 17, 101
What are the prime factors of 875?
5, 7
List the prime factors of 53860.
2, 5, 2693
What are the prime factors of 11062?
2, 5531
List the prime factors of 868.
2, 7, 31
List the prime factors of 39865.
5, 7, 17, 67
List the prime factors of 35752.
2, 41, 109
List the prime factors of 687.
3, 229
What are the prime factors of 1608?
2, 3, 67
What are the prime factors of 3131?
31, 101
List the prime factors of 1137.
3, 379
What are the prime factors of 545?
5, 109
What are the prime factors of 835?
5, 167
List the prime factors of 1454.
2, 727
List the prime factors of 1042.
2, 521
List the prime factors of 888.
2, 3, 37
What are the prime factors of 240?
2, 3, 5
List the prime factors of 5486.
2, 13, 211
List the prime factors of 4231.
4231
List the prime factors of 143626.
2, 7, 10259
List the prime factors of 11574.
2, 3, 643
List the prime factors of 4348.
2, 1087
List the prime factors of 36222.
2, 3, 6037
What are the prime factors of 4258?
2, 2129
What are the prime factors of 84559?
84559
What are the prime factors of 82240?
2, 5, 257
What are the prime factors of 15449?
7, 2207
List the prime factors of 4233.
3, 17, 83
List the prime factors of 50070.
2, 3, 5, 1669
List the prime factors of 7378.
2, 7, 17, 31
List the prime factors of 20084.
2, 5021
What are the prime factors of 6483?
3, 2161
What are the prime factors of 52132?
2, 13033
What are the prime factors of 876?
2, 3, 73
What are the prime factors of 2539?
2539
What are the prime factors of 1206?
2, 3, 67
List the prime factors of 10997.
7, 1571
List the prime factors of 1853.
17, 109
What are the prime factors of 1976?
2, 13, 19
What are the prime factors of 112997?
112997
List the prime factors of 1879.
1879
What are the prime factors of 5126?
2, 11, 233
What are the prime factors of 110592?
2, 3
List the prime factors of 4406.
2, 2203
What are the prime factors of 1221?
3, 11, 37
List the prime factors of 16122.
2, 3, 2687
List the prime factors of 8676.
2, 3, 241
What are the prime factors of 2240?
2, 5, 7
What are the prime factors of 22167?
3, 821
List the prime factors of 723.
3, 241
What are the prime factors of 12170?
2, 5, 1217
What are the prime factors of 2970?
2, 3, 5, 11
What are the prime factors of 88634?
2, 7, 13, 487
What are the prime factors of 93197?
13, 67, 107
What are the prime factors of 13352?
2, 1669
What are the prime factors of 164093?
164093
List the prime factors of 17671.
41, 431
What are the prime factors of 415?
5, 83
What are the prime factors of 8407?
7, 1201
What are the prime factors of 22439?
19, 1181
What are the prime factors of 2296?
2, 7, 41
What are the prime factors of 843?
3, 281
List the prime factors of 381.
3, 127
What are the prime factors of 2894?
2, 1447
What are the prime factors of 421?
421
What are the prime factors of 134?
2, 67
What are the prime factors of 79397?
79397
List the prime factors of 2030.
2, 5, 7, 29
List the prime factors of 409.
409
List the prime factors of 8689.
8689
List the prime factors of 1007.
19, 53
List the prime factors of 38600.
2, 5, 193
What are the prime factors of 49262?
2, 24631
List the prime factors of 42401.
109, 389
What are the prime factors of 33772?
2, 8443
List the prime factors of 53892.
2, 3, 499
What are the prime factors of 7531?
17, 443
List the prime factors of 22160.
2, 5, 277
What are the prime factors of 25531?
11, 211
What are the prime factors of 13403?
13, 1031
List the prime factors of 62238.
2, 3, 11, 23, 41
List the prime factors of 81.
3
List the prime factors of 717.
3, 239
List the prime factors of 2147.
19, 113
List the prime factors of 7160.
2, 5, 179
What are the prime factors of 4499?
11, 409
What are the prime factors of 3820?
2, 5, 191
List the prime factors of 65.
5, 13
What are the prime factors of 56606?
2, 11, 31